test common factor of 15 and j?
15
Suppose -6*t + 8 = -4*t. Suppose -2*v + 6 = -t*v. Let n be (v/(-9))/(1/6). What is the greatest common factor of n and 2?
2
Suppose 72 = -2*b + 6*b. Suppose 4*a = 2*u + 4, 0 = u - 6*u + 3*a + b. Let y(i) = 3*i + 3. Let r be y(13). Calculate the highest common divisor of u and r.
6
Let s(n) = -n. Let c be s(3). Let t(g) = -3*g**3 + 3*g**2 + g + 3. Let i be t(c). Let h = i - 54. Calculate the highest common divisor of h and 6.
6
Let x(l) = -7*l - 15. Let g be x(-5). Suppose 4*p - 2*o - 76 = 0, 2*o + 92 = 5*p - 2*o. What is the highest common factor of p and g?
20
Let a(t) = t**2 + 7*t - 37. Let g be a(-12). Calculate the highest common divisor of 46 and g.
23
Let g = -18 - -38. What is the highest common divisor of 10 and g?
10
Let g be (-3)/3 + (-60)/1. Let c = 131 + g. What is the greatest common divisor of c and 28?
14
Let x(d) = -9*d + 2. Let v be x(-6). Suppose 4*o = -16, -3*b + 1 = -4*o - 36. What is the greatest common factor of v and b?
7
Let y = -493 + 691. Calculate the highest common factor of 22 and y.
22
Let a = 42 - -18. What is the highest common factor of 20 and a?
20
Suppose 3*z - 76 = 5*u, 4*u - 112 = -3*z - 0*u. What is the greatest common factor of 4 and z?
4
Let j(f) = -f**2 - 9*f - 5. Let x be j(-7). Let g be 106/5 + x/(-45). Calculate the highest common divisor of g and 42.
21
Let f = -3 + 5. Suppose 9*v - 2*x = 4*v + 14, -4*x - 4 = f*v. Suppose 2*a + 5*h = 4*a - 31, -18 = -3*a - v*h. What is the greatest common divisor of a and 32?
8
Let u(j) = j - 2. Let n be u(4). Suppose 3*w = n*w + 17. Suppose -w = -2*c - 5. What is the highest common divisor of 6 and c?
6
Let v(w) = -5*w - 2. Let i be v(-4). Let b = 48 - 36. Calculate the greatest common divisor of b and i.
6
Let c = 141 + -96. Suppose 2*u - 5*u = -90. What is the highest common factor of u and c?
15
Suppose 0 = -0*b - 4*b + 96. Calculate the greatest common factor of 96 and b.
24
Let m = 25 - 15. Suppose -2*p - 4*d = -57 - 7, 2*p - d - 59 = 0. Suppose -p = -o - o. Calculate the greatest common factor of o and m.
5
Suppose -10*y + 88 = y. Calculate the highest common factor of 104 and y.
8
Suppose -j = -2, 2*v - j = 2*j + 258. Let g(m) = -3*m**3 + 4*m**2 + 13*m - 2. Let y be g(-2). What is the highest common factor of y and v?
12
Suppose 0 = 4*s + 3*l - 483, -2*l + 609 = 3*s + 2*s. What is the greatest common factor of 41 and s?
41
Suppose 0 = -5*i + 2*i + 72. Let x = -17 + 29. Calculate the greatest common divisor of i and x.
12
Let q(i) = i + 8. Let d be q(6). Calculate the greatest common divisor of d and 70.
14
Let t(h) = -h - 3. Let a(w) = -w**2 - 8*w + 13. Let c be a(-10). Let f be t(c). What is the greatest common factor of f and 4?
4
Let v = -20 + 40. Let q = -44 + 94. What is the highest common divisor of q and v?
10
Suppose 4*k - 8*k + 21 = s, 0 = 5*s - 2*k - 17. Let c(a) = a**2 + 4*a. Let o be c(s). Calculate the highest common divisor of o and 5.
5
Let y = -13 + 9. Let b be y + 1 + 10 + 1. Let h be (b + -1)/((-2)/(-10)). What is the greatest common factor of 5 and h?
5
Suppose 9*i - 10 = 4*i. What is the greatest common factor of i and 14?
2
Suppose k + 2 = -0. Let n = k + 21. Suppose 0 = l - 7*l + 228. Calculate the highest common divisor of l and n.
19
Let o(g) be the second derivative of g**5/10 - g**4/2 + 2*g**3/3 - 2*g**2 + g. Let w be o(4). What is the greatest common factor of w and 11?
11
Let y(z) = z**3 - 3*z**2 - 5*z - 9. Let g be y(5). Calculate the highest common factor of 2 and g.
2
Let h(v) = 7*v - 19. Let y be h(7). What is the greatest common factor of y and 12?
6
Let r(f) = f**2 + f + 34. Let t be r(0). Suppose -d = 5*g - 317, 5*d = -5*g + 271 + t. Calculate the greatest common divisor of g and 16.
16
Suppose 4*x = 2*p - 116, -61 = -p + x + 4*x. Calculate the highest common divisor of p and 8.
8
Let n(q) = q**3 + 7*q**2 + 5*q - 5. Let p be n(-5). Let k be 8/3*225/12. Calculate the greatest common divisor of p and k.
10
Let i(v) = -v - 13. Let p be i(-10). Let t be ((-2)/p)/(2/3). Calculate the greatest common factor of t and 11.
1
Let f = -10 - -12. Suppose 4*s + o - 175 = 0, -f*s + 0*o + 92 = -4*o. Let j be (-32)/12*198/(-8). Calculate the highest common factor of j and s.
22
Suppose -73*l + 77*l = 120. Calculate the greatest common factor of 60 and l.
30
Let w(h) = -h**3 - 10*h**2 - 4*h - 6. Let u be w(-10). What is the greatest common divisor of 34 and u?
34
Let k = 25 - 15. Let c be 2344/k - 4/10. Let y be 1/1 - -27 - 2. What is the greatest common factor of y and c?
26
Let l = -4 - -13. Let j = l - 6. Calculate the highest common divisor of 33 and j.
3
Let q = 189 - 85. Let c(l) = -2*l - 3. Let b(i) = -i**2 - 6*i - 8. Let o be b(-6). Let r be c(o). What is the greatest common divisor of q and r?
13
Let t = 23 - 6. Let w(f) = -15*f - 52. Let a be w(-8). Calculate the highest common factor of t and a.
17
Suppose -5*q = 2*a - 25, -4*q - 127 = -3*a - 32. What is the greatest common divisor of 10 and a?
5
Suppose 0 = j + 4*j - 150. Suppose 3*u - j - 186 = 0. What is the highest common divisor of 9 and u?
9
Suppose -5*k + 3*k - 24 = 0. Let p = k + 17. What is the highest common factor of p and 15?
5
Suppose -36 = -7*s + 146. What is the highest common factor of 52 and s?
26
Suppose 143 = -20*x + 21*x. Calculate the greatest common divisor of x and 13.
13
Let z(q) = q**2 - 4*q - 80. Let f be z(-16). Calculate the greatest common factor of f and 30.
30
Suppose 0 = -u + 4 - 2, 3*u + 19 = 5*c. Calculate the highest common factor of c and 20.
5
Let h(i) = i**3 - 4*i**2 - 4*i + 8. Let l be h(6). Suppose 2*z + 4*v = 4*z - 14, 3*z + 4*v - 21 = 0. What is the highest common divisor of z and l?
7
Let c(t) = t**2 - 3 + 3*t + t - 7. Suppose 0 = 2*a - 6*a - 28. Let b be c(a). What is the greatest common factor of 88 and b?
11
Suppose -s + 97 = -32. Let j = 209 - s. What is the highest common factor of 20 and j?
20
Let o be (-4568)/(-24) - -2*(-2)/12. Calculate the greatest common factor of o and 10.
10
Let l(j) = j**3 - 5*j**2 - j + 1. Let p be l(6). Suppose r - p = 3. Calculate the greatest common factor of r and 17.
17
Let g be 1/(-4 + 3) - -21. Let k = g - 15. What is the greatest common factor of k and 5?
5
Let o = -58 + 123. Calculate the highest common divisor of 13 and o.
13
Suppose -3*m = -4*i - i + 459, -2*i = -2*m - 186. What is the highest common divisor of 10 and i?
10
Suppose 3*w - 30 - 33 = 0. Let v = 9 - 12. Let x(o) = o**3 + 4*o**2 - 2. Let r be x(v). What is the greatest common divisor of r and w?
7
Let q = -43 - -48. Calculate the greatest common divisor of q and 35.
5
Let c be (2 - (-3)/6)*18/15. What is the highest common factor of c and 3?
3
Suppose -l - l + 4 = 0. What is the greatest common factor of l and 2?
2
Let w(g) = -g + 4. Let o(x) = -5*x + 17. Let h(q) = 4*o(q) - 18*w(q). Let a be h(4). Let j be a*(0 + 0 - 2). What is the highest common factor of j and 16?
8
Let x be (-20)/9 - (-6)/27. Let v be ((-4)/(-2) - 16)/x. Suppose 5*r - 2*b - 379 = 0, 3*b = 4*r + 16 - 315. Calculate the highest common factor of r and v.
7
Let i = -52 - -54. Calculate the highest common divisor of 6 and i.
2
Suppose 21 - 19 = x. Suppose 2*w = w. Suppose w = -0*m + 3*m - b - 5, m - 23 = -5*b. Calculate the greatest common factor of m and x.
1
Let o(t) = 2*t**2 + 5*t - 2. Let u be o(-4). Suppose -z = 4*x - 9*x - 80, 0 = 5*z - 3*x - 444. Calculate the highest common factor of u and z.
10
Let l be (-88)/14*(-28)/8. Calculate the greatest common factor of l and 11.
11
Let b(r) = -5*r - 3. Let h be -2 + (3 + -1 - 3). Let a be b(h). What is the highest common divisor of 4 and a?
4
Let i be 43/2 + 10/20. Calculate the highest common factor of 242 and i.
22
Let j = 27 - 4. What is the greatest common factor of j and 46?
23
Let m = 6 - 16. Let n = 1 - m. Suppose 5*q - 313 = -3*a + q, 0 = -4*a - 5*q + 416. What is the highest common divisor of n and a?
11
Let q(v) = -v**3 - 7*v**2 + 4*v - 22. Let k be q(-8). Suppose 2*g = -2*m - 0*m + 8, 3*g + 2*m = 13. Calculate the highest common factor of g and k.
5
Let z be 4/(-10) + 4461/15. Calculate the highest common factor of 33 and z.
33
Let q be (-26)/(-6) + 3/(-9). Let h(c) = c**2 - 3*c + 3. Let w be h(q). Suppose -4*o = -w*o + 48. Calculate the greatest common factor of o a